b. Determine w(3).
108
Let y(h) = -2*h**3 - 14*h**2 + 167*h + 143. Give y(-13).
0
Let l(x) = -14*x**2 + 23*x + 4. What is l(3)?
-53
Let x(v) = 7*v**3 - 5*v**2 - 21*v + 124. Give x(5).
769
Let r(w) = -19*w - 1493. Determine r(-77).
-30
Let x(z) = -10*z - 1853. Determine x(-185).
-3
Let s(c) = -3*c**2 + 58*c - 384. Calculate s(8).
-112
Let f(v) = 2*v**2 - 55*v + 317. Determine f(16).
-51
Let c(t) = -t**3 - 6*t**2 + 13*t - 19. Give c(-9).
107
Let m(f) = 6*f**2 + 77*f + 58. Give m(-12).
-2
Let u(i) = i**2 + 16*i - 26. Calculate u(-10).
-86
Let x(u) = -5*u**2 - 123*u - 557. What is x(-6)?
1
Let c(s) = -81*s - 1373. Calculate c(-17).
4
Let k(z) = 77*z + 686. Give k(-8).
70
Let b(h) = -288*h - 2287. Determine b(-8).
17
Let o(z) = -z**3 - 5*z**2 + 39*z + 164. Calculate o(-7).
-11
Let r(f) = -f**3 + 33*f**2 + 39*f - 46. Calculate r(34).
124
Let y(h) = h**3 + 12*h**2 - 53*h - 371. What is y(-9)?
349
Let r(n) = 5*n**2 - 136*n - 1836. Determine r(37).
-23
Let j(g) = -g**3 - 42*g**2 + 57*g + 608. Determine j(-43).
6
Let g(z) = z**3 - 5*z**2 + 45*z - 7. Calculate g(6).
299
Let t(k) = -474*k - 5677. Give t(-12).
11
Let n(w) = 79*w + 740. Give n(-9).
29
Let x(s) = 328*s - 2949. Determine x(9).
3
Let f(d) = -d**2 + 26*d + 617. Determine f(43).
-114
Let v(d) = -d**3 - 50*d**2 - 612*d - 54. Give v(-21).
9
Let y(a) = a**2 - 42*a - 1130. What is y(0)?
-1130
Let n(i) = -i**3 + 10*i**2 - 5*i - 4. Calculate n(8).
84
Let b(c) = -c**2 - 13*c - 33. Determine b(-17).
-101
Let c(h) = 18*h**3 + 435*h**2 + 77*h + 111. Give c(-24).
-9
Let q(k) = -10*k + 41. Calculate q(-4).
81
Let h(u) = u**3 - 17*u**2 + 47*u + 27. Calculate h(12).
-129
Let z(a) = 4*a**2 - 480*a - 479. Calculate z(121).
5
Let a(t) = t**2 + 4865*t + 63078. Determine a(-13).
2
Let n(z) = -525*z - 2034. What is n(-4)?
66
Let r(h) = h**2 + 237*h + 11387. What is r(-170)?
-3
Let p(j) = 100*j**2 - 1093*j - 60. Calculate p(11).
17
Let v(m) = 11*m - 265. Calculate v(34).
109
Let f(n) = n**3 - 19*n**2 - 6*n + 103. Give f(19).
-11
Let f(k) = 52*k + 4564. What is f(-88)?
-12
Let x(i) = i**3 + 8*i**2 - 3*i + 53. What is x(-9)?
-1
Let h(s) = -11*s**2 + 1309*s + 13. Calculate h(119).
13
Let l(x) = -261*x - 1307. What is l(-5)?
-2
Let b(s) = -2*s**2 - 100*s - 65. Determine b(-15).
985
Let i(g) = -2*g**3 + 44*g**2 + 9*g - 187. Calculate i(22).
11
Let k(q) = 2*q - 127. Give k(57).
-13
Let f(g) = 2*g**2 + 22*g - 168. Calculate f(-18).
84
Let t(j) = 2*j**3 + 33*j**2 + 198*j + 2283. Calculate t(-15).
-12
Let l(d) = d**3 + 38*d**2 - 24*d - 682. Calculate l(-38).
230
Let u(j) = -2*j**3 + 28*j**2 - 96*j - 14. Calculate u(7).
0
Let z(o) = o**2 - 30*o - 250. Determine z(37).
9
Let m(r) = 21*r + 826. Calculate m(-40).
-14
Let g(f) = -f**3 + 15*f**2 - 25*f + 43. Calculate g(12).
175
Let z(g) = -649*g + 1312. Calculate z(2).
14
Let y(p) = -207*p + 6422. Calculate y(31).
5
Let f(h) = 27*h - 44. Give f(2).
10
Let v(y) = -17*y - 607. What is v(-28)?
-131
Let d(y) = y**2 - 99*y - 16735. Calculate d(-89).
-3
Let y(f) = -f**3 - 52*f**2 - 17*f - 1148. What is y(-52)?
-264
Let d(u) = 84*u + 11423. Calculate d(-136).
-1
Let j(m) = m**3 + 10*m**2 - 120*m - 18. Calculate j(7).
-25
Let r(p) = -4*p**2 - 91*p + 130. Calculate r(-24).
10
Let f(n) = -10*n**2 + 28*n + 134. Give f(-5).
-256
Let z(n) = 191*n**2 + 24*n - 1. What is z(1)?
214
Let k(h) = -9*h**3 + 59*h**2 + 24*h + 27. Determine k(7).
-1
Let y(q) = -33788*q + 337873. Calculate y(10).
-7
Let r(b) = -b**3 - 14*b**2 - b + 19. What is r(-13)?
-137
Let d(k) = k**3 + 44*k**2 + 36*k + 3. What is d(-43)?
304
Let h(m) = 8*m**2 - 385*m + 54. Determine h(48).
6
Let s(v) = v**3 + 40*v**2 - 686*v + 165. Calculate s(-53).
6
Let n(x) = -52*x**2 - 147*x - 143. Determine n(-1).
-48
Let k(l) = -25*l + 41. What is k(-3)?
116
Let b(p) = -p**2 + 3*p - 1. Determine b(-2).
-11
Let b(n) = n**2 + 31*n - 277. Calculate b(-39).
35
Let m(n) = -4*n**2 - 17*n - 6. Calculate m(-5).
-21
Let i(n) = -101*n - 3940. Calculate i(-39).
-1
Let b(g) = g**3 + 46*g**2 + 88*g + 20. Determine b(-44).
20
Let v(o) = 561*o - 2810. What is v(5)?
-5
Let a(d) = -39*d - 574. What is a(-16)?
50
Let g(m) = -m**3 - 8*m**2 - 3*m - 124. What is g(-9)?
-16
Let a(v) = v**3 + 5*v**2 - 18*v - 18. Calculate a(-6).
54
Let v(k) = 9*k**2 - 350*k + 688. Determine v(2).
24
Let q(l) = -l**2 - 339*l + 10294. Determine q(28).
18
Let a(f) = -f**2 - 18*f + 229. Calculate a(10).
-51
Let s(b) = -18*b**3 + 2*b**2 - 1. What is s(2)?
-137
Let v(f) = -f**3 - 15*f**2 + 43*f - 12. Give v(3).
-45
Let r(v) = 269*v + 26. Calculate r(-1).
-243
Let p(w) = 2*w**3 - 32*w**2 + 15*w + 50. Calculate p(16).
290
Let a(b) = -1233*b + 18496. Calculate a(15).
1
Let c(h) = h**3 + 51*h**2 + 59*h + 445. What is c(-50)?
-5
Let h(a) = -a**3 - 3*a**2 + 84*a + 31. Calculate h(0).
31
Let a(n) = -92*n + 1196. Give a(14).
-92
Let v(d) = -d**2 + 151*d + 15981. Give v(-72).
-75
Let h(s) = -68*s**2 - 174*s + 88. What is h(-3)?
-2
Let m(q) = 3*q**2 + 54*q - 1207. Determine m(-31).
2
Let g(w) = w**3 + 13*w**2 - 117*w + 30. What is g(6)?
12
Let k(m) = 4*m**2 - 336*m + 4927. Determine k(65).
-13
Let g(z) = 114*z - 1271. Calculate g(11).
-17
Let d(h) = h**3 + 55*h**2 - 92*h + 1321. Determine d(-57).
67
Let w(g) = -26*g - 86. What is w(-2)?
-34
Let c(n) = -34*n - 2510. Give c(-74).
6
Let n(j) = -229*j + 9617. Determine n(42).
-1
Let a(h) = -2*h**2 + 14*h + 57. What is a(-3)?
-3
Let p(f) = -64*f**2 - 6*f - 3. Calculate p(2).
-271
Let x(c) = c**2 + 30*c + 1. Calculate x(1).
32
Let k(c) = 5*c**2 + 60*c + 14. Give k(-12).
14
Let y(w) = 331*w - 11. What is y(-1)?
-342
Let l(s) = -s**3 + 27*s**2 + 112*s - 1720. Give l(29).
-154
Let d(u) = -u**3 + 9*u**2 + 11*u - 13. Calculate d(9).
86
Let k(x) = -727*x + 8750. Determine k(12).
26
Let v(w) = -w**3 - 2*w**2 + 6*w - 6. Determine v(3).
-33
Let i(g) = -6*g**3 - 352*g**2 + 347*g + 4. Calculate i(1).
-7
Let m(p) = 2*p**3 + 25*p**2 - 53*p - 1. Determine m(2).
9
Let x(s) = -9*s**2 + s + 4. Give x(-1).
-6
Let m(i) = i**3 - 6*i**2 - 9*i + 15. Calculate m(8).
71
Let p(a) = -7*a**2 - 2*a + 218. Determine p(6).
-46
Let w(s) = 4*s**2 + 574*s - 9872. Give w(-159).
-14
Let f(p) = -p**3 + 51*p**2 + 349*p - 401. Determine f(57).
-2
Let j(x) = x**3 - 3*x**2 + 18. What is j(-5)?
-182
Let q(a) = -a**2 - 23*a + 21. Determine q(-19).
97
Let l(p) = p**3 - 46*p**2 + 133*p - 176. Calculate l(43).
-4
Let m(x) = 73*x + 1838. Calculate m(-20).
378
Let n(c) = c**2 - 55*c + 585. What is n(20)?
-115
Let c(d) = -d**3 + 18*d**2 - 67*d - 39. What is c(9)?
87
Let t(l) = -23*l**2 - 74*l - 75. What is t(-1)?
-24
Let v(b) = -b**2 + 186*b + 369. Give v(-2).
-7
Let b(f) = -37*f**2 - 9*f + 11. Determine b(0).
11
Let q(w) = -w**2 + 25*w - 145. Calculate q(-13).
-639
Let p(l) = l**2 + 10*l + 63. What is p(-18)?
207
Let c(l) = -l**3 - 4*l**2 + 90*l + 415. Determine c(-5).
-10
Let u(g) = -g**2 + 43*g - 458. Give u(20).
2
Let r(p) = 2*p**3 - 56*p**2 - 8*p + 231. Calculate r(28).
7
Let j(n) = 2*n**2 - 193*n + 450. What is j(94)?
-20
Let x(u) = u**2 + 32*u - 26. Calculate x(-18).
-278
Let m(k) = -k**3 - 13*k**2 - 31*k + 1. Calculate m(-5).
-44
Let g(t) = -74*t - 86. Give g(-1).
-12
Let a(n) = 167*n - 338. Give a(2).
-4
Let a(v) = -v**3 + 11*v**2 - 2*v + 332. Give a(0).
332
Let w(l) = l**3 - l**2 + 4*l + 15. Give w(-2).
-5
Let l(w) = 95*w + 388. Calculate l(-5).
-87
Let u(w) = -2*w**2 + 18*w - 16. Determine u(4).
24
Let k(s) = -105*s + 906. Give k(14).
-564
Let z(u) = -1829*u + 9082. Determine z(5).
-63
Let z(g) = g**3 - 14*g**2 - 124*g + 82. Calculate z(20).
2
Let n(r) = r**2 + 43*r + 100. Give n(-40).
-20
Let u(p) = -675*p + 6072. Give u(9).
-3
Let n(l) = l**2 - 28*l + 104. Give n(11).
-83
Let c(a) = a**2 + 43*a + 412. Calculate c(-32).
60
Let h(u) = -2*u**3 - 12*u**2 - 31*u + 5. Give h(-9).
770
Let i(b) = b**3 - 70*b**2 - 54*b + 117. Give i(71).
1324
Let a(s) = -49*s**3 - 195*s**2 + 17*s + 59. What is a(-4)?
7
Let z(y) = y**3 + 15*y**2 - 19*y + 29. Determine z(-16).
77
Let d(o) = 276*o + 21762. Calculate d(-79).
-42
Let t(g) = -29*g + 536. Give t(19).
-15
Let o(q) = q**2 + 11*q - 535. Calculate o(18).
-13
Let r(q) = -q**3 - 31*q**2 + 102*q + 4. Calculate r(-34).
4
Let x(p) = 2*p**3 - 16*p**2 - 22*p + 28. Give x(9).
-8
Let d(q) = q**2 - 11*q + 30. Give d(16).
110
Let d(n) = -2*n**2 + 61*n - 297. Give 